. What is the tens digit of p?
4
Let m(h) = -8*h + 5. Let r = 28 - 33. What is the units digit of m(r)?
5
Let p(f) be the third derivative of f**5/15 - f**4/4 - f**3/2 + 10*f**2. What is the units digit of p(6)?
5
Let r be (1 - 15)*(-6)/4. Suppose r = 5*p - 29. What is the tens digit of 234/p + 2/(-5)?
2
Let u be (24/(-4))/((-4)/(-4)). What is the units digit of (-1312)/(-20) + u/(-15)?
6
Suppose 449 = 4*t - 1375. What is the units digit of t?
6
Suppose -4*r = -5*c - 38, 5*r - 3*c - 56 = -c. Let d(y) = y**2 + 13*y + 41. Let z be d(-10). Let j = z + r. What is the tens digit of j?
2
Let b(s) = s**2 - 3*s - 1. Let g = 23 - 12. Suppose -7 = q - g. What is the units digit of b(q)?
3
Suppose -3*o = 5*c - 157, -7*c + 2*c - 107 = -3*o. Let s be 1/(-2) - 12/(-24). Suppose s = -2*m + 4*m - o. What is the units digit of m?
2
Suppose x + h - 47 = 0, 3*x - 5*h - 159 = 22. Suppose 3*r + r + x = 0. Let f = r + 14. What is the units digit of f?
1
Suppose r + 20 = -3*r. Let h(o) = o**3 + 5*o**2 + 7*o - 1. Let l be h(r). What is the tens digit of (-6 + l)/((-6)/4)?
2
Suppose 363 = 3*o - 4*p, -5*o + 632 - 27 = 4*p. What is the hundreds digit of o?
1
Let b(g) = -g**3 + 8*g**2 + 8*g - 4. Let a be b(9). What is the tens digit of a*(3/(-1))/3?
1
Let v(c) = -53*c - 1. Let z be v(-1). Suppose 13*t + 5 = 18. Let n = z + t. What is the units digit of n?
3
Suppose 3*r - 207 = -2*w, 4*r + w = 3*w + 276. Suppose -4*m = -5*d + r, m + 20 + 20 = 3*d. What is the units digit of d?
3
Let z = 61 + -17. Suppose 0 = 4*k - 68 - z. Let t = k + 28. What is the units digit of t?
6
Let r = -18 + 18. Suppose 31*u - 28*u - 126 = r. What is the units digit of u?
2
What is the hundreds digit of 278240/517 - (-4)/(-22)?
5
Let v(x) = 363*x + 14. Let f be v(2). Suppose 13*d + f = 3704. What is the units digit of d?
8
Let i(b) = -b**3 + 4*b**2 + 4*b + 7. Let p = 10 - 5. Let c be i(p). Suppose v - 3*z = 12, -2*v - c*z + 22 + 34 = 0. What is the tens digit of v?
2
Let y = 217 + -136. Suppose -s + 3*o - 1 = -10, -4*s + 3*o + y = 0. What is the units digit of s?
4
Let p be -3*((-3)/(-9))/((-4)/28). Suppose 2*t = -p - 3, 5*t = -5*a + 120. What is the tens digit of a?
2
Let q = -863 - -907. What is the units digit of q?
4
Suppose -10 = 2*r - w - 0, 31 = -5*r + w. Let y(a) = 27*a + 87. Let b(j) = -11*j - 35. Let q(h) = -12*b(h) - 5*y(h). What is the units digit of q(r)?
6
Suppose 7*x = -x + 168. Let d = x - -7. What is the tens digit of d?
2
What is the tens digit of (-384540)/(-117) - (-5)/(-3)?
8
Suppose -9 + 6 = c. Let m be 163 + -1 + 1 + c. Suppose 3*q - 8*q + m = 0. What is the tens digit of q?
3
Suppose -3*c - 3*z + 27 = 0, -5*c + z + 39 = -0*z. Suppose 2*g - c = -0. Suppose b - 6 = 4*k - k, 4*k = g*b - 48. What is the tens digit of b?
1
Suppose -2*a + 6*a + 4 = 0. Let i = 11 - a. What is the tens digit of 74/7 + i/(-21)?
1
Let z = 151 - 101. Suppose -7 = -h + 5*o, -2*h - o + 2*o + z = 0. What is the units digit of h?
7
Suppose 2*i + 3*g - 1392 = -0*g, 0 = -4*i - g + 2784. What is the tens digit of i?
9
Let f(k) = 5*k**2 - 4*k - 278. What is the thousands digit of f(21)?
1
Let n(l) = l**3 - 9*l**2 + 11*l + 3. Let k be n(8). Let y = k - 31. What is the units digit of ((-16)/y - -4) + 1?
9
What is the units digit of 23/(-4)*2700/(-25)?
1
Let m = -40 + 32. What is the tens digit of (90 - (4 + m)) + 3?
9
Let t(n) = -n**2 + 11*n - 3. Let b be t(11). What is the hundreds digit of (b - (-61 - -2))/(1/2)?
1
Let q be (-8)/6*135/(-60). Suppose 4*w + 0*w + 12 = 2*i, 0 = -i + q*w + 8. Suppose 6*a - i*a = 112. What is the units digit of a?
8
Let m(k) = -25 - 2*k - 20 + 22 - 2*k. What is the tens digit of m(-13)?
2
Suppose 117 = -3*x - 3*g, -4*x + x - 117 = -3*g. Let l = x - -40. What is the units digit of l?
1
Suppose 195 = 5*b + l, 0*b - 5*l = b - 15. What is the units digit of 5 + -1 + -4 + b?
0
Suppose -56*w = -39*w - 3128. What is the tens digit of w?
8
Suppose -u - 203 = -0*u. Let x = u - -301. What is the units digit of x?
8
Let n(h) = 2*h**2 + 20*h - 60. What is the hundreds digit of n(24)?
5
Let v(o) = -5*o**3 + o**2 - 27*o + 42. What is the tens digit of v(-8)?
8
Suppose 5*i = 3*i - 4. Let h be (-3)/i - 3254/4. What is the tens digit of 6/4*h/(-21)?
5
Let u(b) = -20*b - 54. What is the hundreds digit of u(-22)?
3
Let t = 24 + -9. Let m = t + -60. Let l = m + 73. What is the units digit of l?
8
Let d(s) = 3*s**2 + 18*s + 7. Let g(c) = 7*c - 40. Let z be g(4). What is the units digit of d(z)?
3
Suppose 327 = -5*o - 163. Let v(y) = -35*y**2 + 3*y - 3. Let f be v(1). Let i = f - o. What is the units digit of i?
3
Suppose -15*f = -18*f + 6. Suppose 3*t + 2*i = 144, -144 = -3*t + f*i - 3*i. What is the units digit of t?
8
Suppose 2*v = -2*v. Suppose -5*j + 3*c = -v*c - 8, -4 = -c. What is the tens digit of 27 + ((-12)/j - -7)?
3
Suppose -2 = -f + 2. Let h be 4 + (-2 - f) + 5. Suppose 104 = h*o + w, 2*w + 53 = o + 6*w. What is the units digit of o?
3
Suppose -u - 25 = -4*g + 2*u, g + 4*u + 8 = 0. Suppose -5*h = f - 84 + 4, g*h = 2*f - 104. What is the units digit of f?
0
Let n(i) = -3*i + 13 - 3 + 2*i + 9. Let r be n(16). Suppose a - 256 = -r*a + 4*u, 5*u - 229 = -4*a. What is the tens digit of a?
6
Let u be (-7)/(-63) - (-1 - (-5470)/(-18)). Let r = -59 + u. What is the tens digit of r?
4
Suppose 0 = -4*v - 4*c - 48, -3*v + c - 37 = 5*c. Let t = v - -46. What is the units digit of t?
5
What is the tens digit of (-2)/13 + (-287)/(-91) + 2390?
9
Suppose -5*m + 434 = 3*d, 0*m + 166 = 2*m + 5*d. Let n(a) = -a**2 + 9*a + 6. Let i be n(10). What is the tens digit of (i + 1)*m/(-6)?
4
Let g be (-20)/30*(-54)/4. Suppose -4*a + 4*x = -32, -4*a + 14 - g = 5*x. What is the units digit of a?
5
Suppose -2*l + 6*l = 12. Suppose l*k - 15 = 5*g + 6*k, -2*g + k + 5 = 0. Suppose g = -4*q + 3*q + 19. What is the units digit of q?
9
Suppose 5*s = -11 - 39. Let a = -7 - s. Suppose a*q = q + 44. What is the units digit of q?
2
Let k be 14/(-49) - 2304/(-28). Let y = k - -236. What is the units digit of y?
8
Suppose 0 = 5*y + 3 - 18. Suppose 5*p - y*p - 6 = 0. Suppose 2*d - 5*c + 49 = p*d, -5*d = 3*c - 179. What is the tens digit of d?
3
Suppose -253 = -16*b + 2851. What is the tens digit of b?
9
Let f(a) = -2*a + 8. Let g = 7 + -6. Let c = g + -9. What is the tens digit of f(c)?
2
Suppose 0 = 6*r - 11*r. Let s be -11 - -10 - (r - 2). What is the tens digit of s - (22 - 0)*-3?
6
Suppose -3*x + 25 = 2*p, 19 = p + 2*x + 4. Let z(w) = 3*w**3 - 5*w**2 + 6*w - 3*w**3 + w**3. What is the tens digit of z(p)?
3
Suppose 2*x = x + 9. Suppose -3*c = x, 5*t - c - 531 = t. What is the tens digit of t?
3
Let v(a) = -157*a**3 + a**2 + 16*a + 26. What is the thousands digit of v(-2)?
1
Let r = 38 - 96. Let p be (r/(-4))/(7/14). Suppose -3*l + 85 = 4*k, -2*k = 4*l - 149 + p. What is the units digit of l?
1
Let p be -3 + 5 + 2 - -167. Suppose -13 = -4*i + p. What is the tens digit of i?
4
Let a(f) = -f**3 + 10*f**2 + f + 5. Let k be a(10). Suppose -5*h - k - 30 = 0. Let t(d) = -d**3 - 8*d**2 + 5*d + 2. What is the units digit of t(h)?
8
Let a(l) = 2 + 0 + 0 - 3 - 37*l. What is the tens digit of a(-1)?
3
Let z be (5/4)/(2/88). Suppose d - z = 2*p, 5*d + p - 227 = -p. What is the tens digit of d?
4
Let x = -126 + 207. Let g be ((1 - -3)/12 + 0)*117. Let b = x - g. What is the tens digit of b?
4
Suppose 2*d = -3*i, 0*d = -2*d + 2*i + 20. Let t = -5 - d. Let a = -2 - t. What is the units digit of a?
9
Let t(k) be the first derivative of k**3/3 - k**2/2 - 8*k + 6. What is the tens digit of t(-5)?
2
Suppose -2*a + 79 = w - 0*a, a + 168 = 2*w. What is the units digit of w?
3
Suppose 0 = -5*r + 5, h + r + r = 8. Let f = h + -9. What is the units digit of 1/(f*3/(-135))?
5
Let f = 14 - 11. Suppose 5*s + f*s = 32. Suppose 3*o + 0*w = -2*w - 2, s*o - 2*w = 16. What is the units digit of o?
2
Suppose 1397 = -2*m + 4257. What is the tens digit of m?
3
Suppose 4 - 14 = -2*j. Suppose 3*y = -0*y - j*f - 20, -4 = f. What is the units digit of (-20)/16*(-4 - y)?
5
Suppose 0 = -n - 5, 6*n - 3*n = -3*l - 84. Let t = -32 - l. Let d = t + 42. What is the units digit of d?
3
Let w = 148 + -36. What is the tens digit of w?
1
Let d(k) = 4*k**3 + 6*k**2 + 4*k - 6. Let v be d(-4). Let n = -121 - v. What is the tens digit of n?
6
Let s(j) = 12*j**2 + 15*j + 43. Let 